at is -3 - -302030202?
302030133
In base 13, what is -3 - -10009?
10006
In base 3, what is -1220220 - 10122002?
-12112222
In base 13, what is 597a8a - -4?
597a91
In base 3, what is 10021201122 - -10?
10021201202
In base 10, what is -142 - -1316?
1174
In base 13, what is -431 + 92?
-36c
In base 15, what is 764 - -8ad?
1122
In base 8, what is -3 + -77507?
-77512
In base 6, what is -21325153 + 11?
-21325142
In base 4, what is -3103012321 + 10?
-3103012311
In base 16, what is -9dc + 3?
-9d9
In base 3, what is -10211102110 - 100?
-10211102210
In base 16, what is -237 - -11e?
-119
In base 13, what is -196187 + 6?
-196181
In base 8, what is 567 + 12?
601
In base 12, what is a - 1ab?
-1a1
In base 15, what is -611 + 17?
-5e9
In base 6, what is 3535 - -111?
4050
In base 2, what is -1100101011000 - 1001?
-1100101100001
In base 3, what is -1212110102222 - 2?
-1212110110001
In base 3, what is -2 + -201202100?
-201202102
In base 13, what is -195a - -15b?
-17cc
In base 7, what is 5 + 11633?
11641
In base 14, what is 3253 + -6?
324b
In base 10, what is -14 - 5643?
-5657
In base 5, what is -2140402 - 23?
-2140430
In base 4, what is 1100 - -11322321?
11330021
In base 5, what is 10110314 - 4?
10110310
In base 11, what is 4 - 2349?
-2345
In base 6, what is 231 - 10154?
-5523
In base 4, what is 202031 - -2232?
210323
In base 13, what is 699b1 + -4?
699aa
In base 3, what is 12 - -101010101?
101010120
In base 13, what is -1a19904 + 1?
-1a19903
In base 12, what is -127962 + 5?
-127959
In base 6, what is -11215201 + 2?
-11215155
In base 9, what is 15 + 17?
33
In base 8, what is -227237 - -1?
-227236
In base 13, what is -4 + 5791?
578a
In base 8, what is -561 - 234?
-1015
In base 7, what is -1 - 11354?
-11355
In base 14, what is -19 - 6a04?
-6a1d
In base 2, what is -100 - -10100110011010000000?
10100110011001111100
In base 7, what is 5 - 2444310?
-2444302
In base 14, what is -399a - 0?
-399a
In base 15, what is 4 - -76a?
76e
In base 13, what is -3 - -24155?
24152
In base 13, what is 13 + 436b?
4381
In base 4, what is -12332313 - -12?
-12332301
In base 8, what is -166 - 5746?
-6134
In base 15, what is -71550 - 5?
-71555
In base 15, what is -23497 - -1?
-23496
In base 7, what is 3025 - -24?
3052
In base 15, what is 4 + -39a1?
-399c
In base 13, what is 81a3 + -1?
81a2
In base 10, what is -10 - -20766?
20756
In base 2, what is 111111110001000 + 11?
111111110001011
In base 16, what is 8 + -14fc?
-14f4
In base 9, what is 175 + 110?
285
In base 12, what is -125a2 + 2?
-125a0
In base 13, what is 3 + 3b0?
3b3
In base 10, what is 6 - 11376?
-11370
In base 7, what is 12305 - 14?
12261
In base 6, what is -111441 + 1041?
-110400
In base 3, what is 1022022222 - -1?
1022100000
In base 6, what is 22 + -22405?
-22343
In base 5, what is -320 + 1244033?
1243213
In base 13, what is -2b + 138?
10a
In base 10, what is 750886 - 5?
750881
In base 9, what is -78 - -1811?
1722
In base 11, what is -156 + -379?
-524
In base 2, what is -110100 + -110111101001011?
-110111101111111
In base 11, what is -14 + -4446?
-445a
In base 5, what is -204 - 4332?
-10041
In base 6, what is -114411 - -113?
-114254
In base 2, what is 0 + 1001100000?
1001100000
In base 12, what is -3 + 20748?
20745
In base 2, what is 11010100111100101010 - 1?
11010100111100101001
In base 12, what is -b2060 + 3?
-b2059
In base 15, what is b - 6421?
-6415
In base 12, what is -11229 - 53?
-11280
In base 5, what is 0 + -32312?
-32312
In base 12, what is 4 + -834ab?
-834a7
In base 5, what is 13413201 + 0?
13413201
In base 9, what is 58643 - 5?
58637
In base 9, what is -37827 + 0?
-37827
In base 13, what is 464 - -1a?
481
In base 3, what is 21110110 - -1?
21110111
In base 8, what is -3 + -22601?
-22604
In base 12, what is -28b61 - 3?
-28b64
In base 2, what is 100110000 + -10110010000?
-10001100000
In base 13, what is -305a2 + 8?
-30597
In base 14, what is 9d8 + b7?
ab1
In base 9, what is -6 - 1740?
-1746
In base 15, what is 4 - -1969?
196d
In base 15, what is b + -1b06e?
-1b063
In base 16, what is -141 + -ac?
-1ed
In base 6, what is 23351534 - 1?
23351533
In base 15, what is 1ce36 + 8?
1ce3e
In base 12, what is 5 - -124b8?
12501
In base 3, what is 100011002011110 - 0?
100011002011110
In base 14, what is -ad6 - c?
-b04
In base 6, what is -1453 - 11435?
-13332
In base 5, what is 3 + -104000?
-103442
In base 2, what is 1100110 + -111011111000?
-111010010010
In base 16, what is -7b6e + 0?
-7b6e
In base 12, what is 30091 - -4?
30095
In base 11, what is 0 - 82703?
-82703
In base 15, what is -7b - -1060?
ed4
In base 5, what is -131 + -412334?
-413020
In base 14, what is -1 + -6521?
-6522
In base 10, what is -3 - 8431?
-8434
In base 14, what is 16c + -15a1?
-1433
In base 7, what is 1 + 2552211?
2552212
In base 6, what is -33 + -221500?
-221533
In base 5, what is -4 + 34014144?
34014140
In base 7, what is -556355 + 3?
-556352
In base 3, what is 1102102001211 - -11?
1102102001222
In base 7, what is -4544246 - 4?
-4544253
In base 16, what is 1ae + 3b2?
560
In base 11, what is -1955 + -87?
-1a31
In base 8, what is -234 - 2410?
-2644
In base 10, what is -1723 + 27?
-1696
In base 10, what is -24974 - 2?
-24976
In base 14, what is -934 + 17?
-91b
In base 10, what is -280125 - -2?
-280123
In base 15, what is -9 - 5b547?
-5b551
In base 7, what is -1151 - -2602?
1421
In base 14, what is 45 + ab?
112
In base 6, what is 1404 + -13?
1351
In base 5, what is 4003212 - 3?
4003204
In base 12, what is 19 + 405a?
4077
In base 12, what is -1479 - -10?
-1469
In base 16, what is 1c1f5 - 3?
1c1f2
In base 6, what is -1153 - 5325?
-10522
In base 4, what is -3030032 - -11?
-3030021
In base 9, what is -23448 - -13?
-23435
In base 9, what is -83366 - 4?
-83371
In base 4, what is 2322 + 100221?
103203
In base 6, what is -3 + 121151?
121144
In base 6, what is 404303 - 0?
404303
In base 11, what is 10671 + 0?
10671
In base 4, what is 1001122132 + 1?
1001122133
In base 16, what is -5 - 9b8?
-9bd
In base 14, what is -a18 + 12?
-a06
In base 2, what is -1101111100010000 - -110?
-1101111100001010
In base 9, what is 107 + 1253?
1361
In base 15, what is 15774 + 4?
15778
In base 4, what is 221 + -20031?
-13210
In base 13, what is 1497 + -11?
1486
In base 2, what is 1101011001 - -101111101?
10011010110
In base 10, what is 5 + -68148?
-68143
In base 5, what is 1 + -3020?
-3014
In base 12, what is -19bb41 + -3?
-19bb44
In base 3, what is 11 + -1121012022?
-1121012011
In base 15, what is -a610 - 3?
-a613
In base 12, what is -9 - -2635?
2628
In base 4, what is 3000032 - 131?
2333301
In base 13, what is 168 - 5b?
10a
In base 7, what is 265 + -1134?
-536
In base 2, what is -10 - 1110111011110001?
-1110111011110011
In base 7, what is -633401 + -1?
-633402
In base 8, what is -130217 + -3?
-130222
In base 9, what is -13500187 - -2?
-13500185
In base 3, what is 11 - 12120200?
-12120112
In base 8, what is -112 - -10761?
10647
In base 15, what is 6 + -ce00?
-cde9
In base 11, what is -7047 + -10?
-7057
In base 16, what is -64 - -9a9?
945
In base 5, what is -2 - 330321?
-330323
In base 2, what is 1110100100111 - 101?
1110100100010
In base 8, what is 71470 + -114?
71354
In base 2, what is -100101 - -10010101101?
10010001000
In base 6, what is -4 - 21342302?
-21342310
In base 13, what is -35 - -51c?
4b7
In base 12, what is -5 + 47b1b?
47b16
In base 12, what is 17810 + 8?
17818
In base 8, what is -41 - 1752?
-2013
In base 6, what is 1013535 + -44?
1013451
In base 5, what is 2330220 + -1?
2330214
In base 6, what is -3 - -1041?
1034
In base 8, what is -543621 + 10?
-543611
In base 15, what is -97c + -6?
-983
In base 2, what is 1 + 1100111000000010?
1100111000000011
In base 10, what is 6 + -4057?
-4051
In base 10, what is 9 - 3426?
-3417
In base 2, what is 111110100101011 - 10?
111110100101001
In base 4, what is -3 - -30211110?
30211101
In base 10, what is -1163 - 21?
-1184
In base 14, what is -4cb - -c?
-4bd
In base 5, what is -4334 - 12?
-4401
In base 7, what is 2266535 + -4?
2266531
In base 13, what is -32 - 24?
-56
In base 14, what is 4 - 8a1?
-89b
In base 6, what is 233 - 5104?
-4431
In base 4, what is -23000133 + -1?
-23000200
In base 5, what is -31044 + 0?
-31044
In base 5, what is -3 - -110022101?
110022043
In base 13, what is 5a - -180?
20a
In base 5, what is -3221 - -4314?
1043
In base 14,